 + 232. Let q(z) = -z**3 + 18*z**2 - 16*z - 4. Determine q(j).
13
Let y(s) = -4*s**3 - 5*s**2 + 3*s + 0*s - 79 - 2*s**2 + 3*s**3 + 86. Calculate y(-7).
-14
Let l(s) be the second derivative of -s**5/20 - 5*s**4/6 - 11*s**3/6 - 5*s**2/2 + s + 80. Determine l(-9).
13
Let t(r) = -r**2 - 9*r + 12. Let o be t(-6). Let b = o - 25. Let n(w) = w**3 - 6*w**2 + 7*w - 4. Calculate n(b).
6
Suppose -16 = -w - 3*w. Let h(m) = m - 4. Let c be h(w). Suppose 2*v - 2 - 2 = c. Let u(l) = -2*l**2 + 2*l - 2. What is u(v)?
-6
Suppose 0 = 4*b + 65 - 73. Let x(o) = o**b + 7 - 7 + 6*o + o + 4. Calculate x(-6).
-2
Let i be (10 - -1)/(-2 - -1). Let y = i + 20. Let f(x) = x**3 + x**2 - 9*x - 2. Let a(z) = 2*z**3 + z**2 - 19*z - 3. Let r(n) = y*f(n) - 4*a(n). Give r(-6).
-12
Suppose -14*v + 16*v = 4. Let p(r) = r**3 - 5*r - 5*r**v + r**2 + 266 - 265. Give p(5).
1
Let w(l) = -l**3 + 4*l**2 - l + 4. Let h be w(4). Let t(c) = 8 + 2 + 2 + 3 - c - 20. Calculate t(h).
-5
Let y(t) = 12*t**3 + 6*t**2 - 31*t + 2. Let k(h) = 5*h**3 + 3*h**2 - 14*h + 1. Let x(j) = -7*k(j) + 3*y(j). Determine x(4).
35
Suppose 7*x + 584 = 514. Let v(t) = -5*t - 58. Calculate v(x).
-8
Let k(i) = -2*i**2 - 12*i - 23. Let q be k(-4). Let l(d) = -d**2 - 7*d - 3. What is l(q)?
-3
Suppose -75*q = -70*q + 35. Let u(v) = v**3 + 2*v + 6*v + 13 + 8*v**2 - 5. Determine u(q).
1
Let t be ((-1)/2)/((-1)/8). Let y(f) = f**2 - 3*f - 3. Let w be y(t). Let h(m) be the first derivative of -5*m**3/3 - m**2/2 + 1069. Give h(w).
-6
Let c(d) = 13*d - 237. Let m be c(18). Let h(k) = 5*k**2 + 3*k + 4. Let q(x) = 2*x**2 + x + 1. Let v(l) = -3*h(l) + 8*q(l). Calculate v(m).
8
Let p be 0 + (-4)/22 - 15075/2211. Let s(u) be the second derivative of -u**3/6 - 7*u**2/2 + u. Calculate s(p).
0
Let v be (-2)/6 + (-16)/(-3). Let y(a) = -a - 4473 + 13421 - 4472 - 4469. What is y(v)?
2
Let x = 89 - -47. Let r = x + -65. Let n(f) = 3*f**2 + 0*f**2 - r*f + 71*f. Determine n(-2).
12
Let c(t) = 3*t - 3 + 10 + 4*t - t**3 + 5*t**2 + 1 + t**2. What is c(7)?
8
Let o = 77 - 72. Suppose -o*v = 4*v - 27. Let g(y) = y**2 - 2*y + 1. Determine g(v).
4
Let z(q) = -q + 18. Suppose 4*r + 3*b = -b + 16, -5*b - 22 = -2*r. Calculate z(r).
12
Let q(t) = 4*t**3 + 2*t + 2. Suppose 8*o = 10*o + 2. Give q(o).
-4
Let h(j) = j**3 - j**2 + 11*j + 4. Let m(c) = c**3 + 12*c + 5. Let f(s) = -7*h(s) + 6*m(s). Calculate f(6).
8
Let j(a) = a**3 - a + 6. Let z(y) = -6*y + 51. Let m be z(12). Let g be m/14 - 3/(-2). Give j(g).
6
Let a = -9 + -1. Let y be (18/(-10))/(3/a). Let w(k) = -k**3 + 6*k**2 + 2*k - 9. Calculate w(y).
3
Suppose -7 = 3*k + 11. Let h(p) be the second derivative of -p**3/6 - 3*p**2 + 71*p. Calculate h(k).
0
Let v(j) be the second derivative of -j**6/240 - j**5/20 + j**4/3 - 2*j. Let q(z) be the third derivative of v(z). Give q(-5).
9
Let s be ((-10)/(-8) - 2)/((-5)/(-40)). Let v(c) = c**2 + 2*c + 14. Let u(w) = w**2 + 3*w + 13. Let x(t) = -7*u(t) + 6*v(t). What is x(s)?
11
Let z(y) = -17*y**2 + y + 24. Let s(k) = -14*k**2 + 2*k + 22. Let x(c) = -6*s(c) + 5*z(c). Calculate x(-3).
0
Let a(l) = 2 - 83*l + 76*l + 6 + l**3 + 0*l**2 + 7*l**2. Calculate a(-8).
0
Let d(x) = -x**2 - 9*x - 5. Let k(s) = -3*s**2 + 3*s + 11. Let o be k(-2). Calculate d(o).
9
Let n(i) = -5*i**2 + 3*i - 5. Let g(k) = 9*k**2 - 6*k + 8. Let l(q) = 4*g(q) + 7*n(q). Give l(3).
-3
Let h(o) be the second derivative of -o**3/6 + 19*o**2 + 47*o + 1. What is h(0)?
38
Let n(y) = -8 - 16 - 7*y**3 - 20*y + 6*y**3 - 1 - 30*y**2 - 10*y. Determine n(-29).
4
Let r(o) be the third derivative of 0 - 5*o**2 - o**3 - 5/24*o**4 + 1/120*o**6 + 0*o - 1/10*o**5. Let j be (-2)/((-4)/14)*1. What is r(j)?
8
Let a be 1 + -3 - 1 - -37. Let r be 132/a + (-4)/(-34). Suppose 4*n + 24 = -r*i, 6 = 3*n - 4*n - 3*i. Let q(c) = -c**3 - 7*c**2 - 4*c + 7. What is q(n)?
-5
Let n(b) = -7*b**3 - 2*b + 8*b**3 - b**3 + 3*b**2 - 5*b**3 + 10. Let i(g) = -6*g**3 + 2*g**2 - 2*g + 10. Let f(a) = -4*i(a) + 5*n(a). Give f(7).
-4
Let a(m) = 3*m - 6. Suppose -5*l = -3*l + 12. Let h(t) = 2*t - 5. Let o(y) = l*h(y) + 5*a(y). Let s = 8 - 6. Determine o(s).
6
Let m(w) be the first derivative of -2*w**3/3 + 9*w**2/2 - 43. What is m(6)?
-18
Let j be (-43)/(-2) + 3/6. Suppose -25*f = -j*f - 21. Let d(w) = -w**2 + 6*w + 1. What is d(f)?
-6
Let c(p) = p**3 + p**2 + p - 2. Let r = 31 + -56. Let b be (r/15)/((-2)/6). Suppose -3*k - b - 1 = 0. Give c(k).
-8
Let g be -1*8/(-36) + (-948)/(-108). Let d(y) = -y**3 + 10*y**2 - 8*y + 9. Calculate d(g).
18
Let s(c) be the second derivative of -c**3/3 - 19*c**2/2 - 76*c. Calculate s(-8).
-3
Let t be -9 + 2/11*(-44)/(-2). Let s(f) = f**2 + 7*f + 12. What is s(t)?
2
Let j(z) = -z**2 + 10*z - 8. Let n(y) = -y**3 - 50*y**2 + 216*y + 6. Let a be n(-54). Determine j(a).
16
Let z(g) be the first derivative of -g - 1/2*g**2 + 2. Suppose 348 - 303 = 45*m. Give z(m).
-2
Let a = -2 + 0. Let q = 2 + a. Suppose -4*m = -q*x - 4*x - 16, 5*m + 10 = -x. Let v(o) = -o - 3. What is v(x)?
2
Suppose -11*m = 18 - 128. Let b(x) = -x**3 + 10*x**2 - x - 9. Determine b(m).
-19
Let k(q) = q**3 + 6*q**2 + 7*q + 6. Let a be 3*(0 + (-1)/(-3)). Let h = a - 4. Let y(d) = d - 1. Let s be y(h). Give k(s).
10
Let f(o) = 8*o - 107. Let q(c) = -2*c + 25. Let z(w) = -6*f(w) - 26*q(w). Determine z(8).
24
Let o(v) = -v + 2*v + 2*v - 9. Let g = 1070 + -1064. Give o(g).
9
Let i(w) = -7 + 11*w - 22 + 10*w. Let o(r) = -5*r + 7. Let f(q) = -2*i(q) - 9*o(q). Determine f(6).
13
Let i(d) = -15*d**2 - 29*d - 27. Let n = -5 + 18. Let k(o) = -7*o**2 - 14*o - 13. Let j(z) = n*k(z) - 6*i(z). Give j(-7).
0
Let k(h) = -7*h**2 + 4*h + 8. Let w(j) = 12*j**2 - 8*j - 15. Let s(a) = 5*k(a) + 3*w(a). Let r be (28/49)/(1/7). Give s(r).
-5
Suppose 2*z - l = 14, 5*z + 4*l - 8 = 1. Let r(h) = 12 + 14*h - z - 11*h. Determine r(-7).
-14
Let b(j) = 7*j**2 + 1. Let z(x) = -6*x**2 + x. Let i(r) = -5*b(r) - 6*z(r). What is i(7)?
2
Let d(q) be the second derivative of q**4/12 - 5*q**3/6 + q**2 + q - 81. Determine d(2).
-4
Let r(f) = 10*f - 5 - 1 + 2. Let i(o) = 38 + 0*o - 35 - o - 6*o. Let b(j) = 7*i(j) + 5*r(j). Calculate b(-3).
-2
Let f(z) = -z**3 + 5*z**2 + 4. Suppose 5*i + 4 + 13 = o, 0 = 2*o - 4*i - 16. Suppose 2*a + 0*v - 8 = -o*v, 4*v = -5*a + 21. Calculate f(a).
4
Let n(r) = -r**3 + 3*r**2 + 3*r. Let m = -331 - -329. Determine n(m).
14
Let o = -17 + 7. Let r be o - -3 - (4 + -2). Let a be (-1)/r + (-124)/(-18). Let z(c) = 2*c - 10. What is z(a)?
4
Let r(n) = -n**3 + 6*n**2 + n - 25. Let c = 105 - 100. Give r(c).
5
Let o(f) = -3*f**2 - 2*f + 4. Let n be o(-2). Let b(i) = i**2 + 4*i + 3. Give b(n).
3
Let h(l) = -2*l**2 + l + 2. Suppose 17*s - 60 = -9. Give h(s).
-13
Let p(i) = 4 - 4 + 2 + 6 - i**3. Suppose 5 = -3*q - 5*j, 6*q - 3*q - 5 = 5*j. Determine p(q).
8
Let s be 3/(2 + 4)*6. Let d(o) be the third derivative of -o**5/60 + o**4/12 + 8*o**2. Calculate d(s).
-3
Suppose 0*w = -4*w + 2*o - 4, 3*w = -o - 8. Let i be (-1 - w)*-2 + 3. Let y(g) = -6*g**2 + 1. Give y(i).
-5
Let f(w) = w + 6. Let x = 41 + -40. Suppose -6*u - x = -37. Give f(u).
12
Let q(s) be the second derivative of -s**3/3 + 5*s**2/2 - 4*s + 6. Determine q(5).
-5
Let w(s) = s**3 - s**2 - 2. Suppose f + 243 = -3*u + 7*u, 3*u - 2*f - 186 = 0. Let l = u - 58. Calculate w(l).
2
Let l(y) = 2 - 7*y - 2*y**2 - y + 2*y. Let x = -27 - -22. What is l(x)?
-18
Suppose 0 = 4*k - 8 - 4. Let d = 11 + -12. Let z(h) = -h + 1. Let p(v) = 6*v - 3. Let c(j) = d*p(j) - 5*z(j). Determine c(k).
-5
Let x(o) = o**2 - 8*o - 2. Let b(w) = -4*w + 3. Let j be b(-1). Let i be 1/j - (-336)/49. Calculate x(i).
-9
Let n(g) = -g**2 + 9*g + 9. Let f be n(-2). Let l(a) = a**2 + 11*a + 18. What is l(f)?
44
Let m(d) = 5*d**2 + d + 3. Let f(l) = -6*l**2 - 2*l - 3. Let o(n) = 4*f(n) + 5*m(n). Suppose 5*q - 3*q - 4 = 0. Determine o(q).
1
Let z(x) be the second derivative of -x**5/10 + 5*x**4/12 - x**3/2 + 2*x**2 - 87*x. What is z(3)?
-14
Let s(c) = -101*c**3 - 3 + 5*c**2 + 102*c**3 - c**2 - 2*c. What is s(-5)?
-18
Let t(g) = -12*g**2 - 15*g - 30. Let v(r) = 5*r**2 + 8*r + 14. Let y(u) = -2*t(u) - 5*v(u). Calculate y(-7).
11
Let x(t) be the second derivative of t**3/6 - 14*t**2 + 8*t - 5. What is x(13)?
-15
Let d(m) be the first derivative of -m**3/3 + 7*m**2/2 - 5*m - 1. Let j be (-2)/4*8/2*-2. Determine d(j).
7
Suppose 3*r + i = 22, -21 = -